{"id":743,"date":"2021-01-21T17:38:04","date_gmt":"2021-01-21T16:38:04","guid":{"rendered":"https:\/\/lechodessvt.ovh\/?page_id=743"},"modified":"2023-08-31T09:42:22","modified_gmt":"2023-08-31T07:42:22","slug":"les-schemas-et-animations-interactives-de-3e","status":"publish","type":"page","link":"https:\/\/lechodessvt.ovh\/index.php\/les-schemas-et-animations-interactives\/les-schemas-et-animations-interactives-de-3e\/","title":{"rendered":"Les sch\u00e9mas et animations interactives de 3\u00e8"},"content":{"rendered":"\n<p class=\"has-bright-blue-color has-text-color has-large-font-size\">Niveau 3\u00e8 : <\/p>\n\n\n\n<p class=\"has-text-color\" style=\"color:#08435d\">Il suffi de cliquer sur l&rsquo;image ou le lien de l&rsquo;exercice pour qu&rsquo;il s&rsquo;ouvre dans un nouvel onglet. Certaines animations sont t\u00e9l\u00e9chargeables. Si une animation n&rsquo;appara\u00eet pas compl\u00e8tement \u00e0 l&rsquo;\u00e9cran, vous pouvez essayer de diminuer la taille de la fen\u00eatre de votre navigateur.<\/p>\n\n\n\n<p>   <img loading=\"lazy\" decoding=\"async\" width=\"75\" height=\"73\" class=\"wp-image-533\" style=\"width: 75px;\" src=\"https:\/\/lechodessvt.ovh\/wp-content\/uploads\/2020\/11\/embryon1bispoursite-1.jpg\" alt=\"F\u00e9condation et nidation\">La <strong>mitose <\/strong>ou multiplication cellulaire conforme. Exercice de compr\u00e9hension sur le site de<a rel=\"noreferrer noopener\" href=\"https:\/\/www.svtcalvin.fr\/html5\/division-cellulaire-1-2-html5\/index.html\" target=\"_blank\"> svtcalvin.fr<\/a> (cliquez sur le nom du site)<\/p>\n\n\n\n<ul class=\"wp-block-list\">\n<li>La <strong>mitose <\/strong>en animation : <a rel=\"noreferrer noopener\" href=\"\/animations\/La%20mitose.exe\" target=\"_blank\">animation mitose<\/a><\/li>\n<\/ul>\n\n\n\n<p><\/p>\n\n\n\n<ul class=\"wp-block-list\">\n<li>Carte mentale sur l&rsquo;ensemble de la partie <strong>Immunologie<\/strong> : <a rel=\"noreferrer noopener\" href=\"https:\/\/lechodessvt.ovh\/wp-admin\/admin-ajax.php?action=h5p_embed&amp;id=13\" target=\"_blank\">Carte mentale<\/a><\/li>\n\n\n\n<li>La d\u00e9marche scientifique : <a href=\"https:\/\/lechodessvt.ovh\/wp-admin\/admin-ajax.php?action=h5p_embed&amp;id=17\"><img loading=\"lazy\" decoding=\"async\" width=\"75\" height=\"81\" class=\"wp-image-1115\" style=\"width: 75px;\" src=\"https:\/\/lechodessvt.ovh\/wp-content\/uploads\/2023\/08\/demarche.jpg\" alt=\"La d\u00e9marche scientifique\" srcset=\"https:\/\/lechodessvt.ovh\/wp-content\/uploads\/2023\/08\/demarche.jpg 326w, https:\/\/lechodessvt.ovh\/wp-content\/uploads\/2023\/08\/demarche-279x300.jpg 279w, https:\/\/lechodessvt.ovh\/wp-content\/uploads\/2023\/08\/demarche-251x270.jpg 251w\" sizes=\"auto, (max-width: 75px) 100vw, 75px\" \/><\/a><\/li>\n<\/ul>\n\n\n\n<p><\/p>\n","protected":false},"excerpt":{"rendered":"<p>Niveau 3\u00e8 : Il suffi de cliquer sur l&rsquo;image ou le lien de l&rsquo;exercice pour qu&rsquo;il s&rsquo;ouvre dans un nouvel onglet. Certaines animations sont t\u00e9l\u00e9chargeables. Si une animation n&rsquo;appara\u00eet pas compl\u00e8tement \u00e0 l&rsquo;\u00e9cran, vous pouvez essayer de diminuer la taille de la fen\u00eatre de votre navigateur. La mitose ou multiplication cellulaire conforme. Exercice de compr\u00e9hension sur le site de svtcalvin.fr (cliquez sur le nom du site)<\/p>\n","protected":false},"author":1,"featured_media":0,"parent":204,"menu_order":0,"comment_status":"closed","ping_status":"closed","template":"","meta":{"footnotes":""},"class_list":["post-743","page","type-page","status-publish","hentry"],"_links":{"self":[{"href":"https:\/\/lechodessvt.ovh\/index.php\/wp-json\/wp\/v2\/pages\/743","targetHints":{"allow":["GET"]}}],"collection":[{"href":"https:\/\/lechodessvt.ovh\/index.php\/wp-json\/wp\/v2\/pages"}],"about":[{"href":"https:\/\/lechodessvt.ovh\/index.php\/wp-json\/wp\/v2\/types\/page"}],"author":[{"embeddable":true,"href":"https:\/\/lechodessvt.ovh\/index.php\/wp-json\/wp\/v2\/users\/1"}],"replies":[{"embeddable":true,"href":"https:\/\/lechodessvt.ovh\/index.php\/wp-json\/wp\/v2\/comments?post=743"}],"version-history":[{"count":11,"href":"https:\/\/lechodessvt.ovh\/index.php\/wp-json\/wp\/v2\/pages\/743\/revisions"}],"predecessor-version":[{"id":1138,"href":"https:\/\/lechodessvt.ovh\/index.php\/wp-json\/wp\/v2\/pages\/743\/revisions\/1138"}],"up":[{"embeddable":true,"href":"https:\/\/lechodessvt.ovh\/index.php\/wp-json\/wp\/v2\/pages\/204"}],"wp:attachment":[{"href":"https:\/\/lechodessvt.ovh\/index.php\/wp-json\/wp\/v2\/media?parent=743"}],"curies":[{"name":"wp","href":"https:\/\/api.w.org\/{rel}","templated":true}]}}